{"id":7,"date":"2021-10-04T10:24:22","date_gmt":"2021-10-04T10:24:22","guid":{"rendered":"https:\/\/kcl.fr\/?page_id=7"},"modified":"2021-10-05T07:31:12","modified_gmt":"2021-10-05T07:31:12","slug":"contact","status":"publish","type":"page","link":"https:\/\/kcl.fr\/index.php\/contact\/","title":{"rendered":"Contact"},"content":{"rendered":"\n<p>Ecrivez-nous \u00e0 <a href=\"mailto:info@kcl.fr\">info@kcl.fr<\/a><\/p>\n\n\n\n<p>Directeur de publication : St\u00e9phane TESOLARI<\/p>\n\n\n\n<p>RGPD : St\u00e9phane TESOLARI<\/p>\n\n\n\n<p>Editeur : Stensys SARL &#8211; 16 rue Mirabelle -25480 Miserey<\/p>\n\n\n\n<p>H\u00e9berg\u00e9 par Stensys SARL (France)<\/p>\n\n\n\n<p>L\u2019ensemble des images, illustrations et vid\u00e9os du site sont la propri\u00e9t\u00e9 de Stensys. Leur utilisation doit \u00eatre autoris\u00e9e et cr\u00e9dit\u00e9e. <\/p>\n\n\n\n<p>Le th\u00e8me utilis\u00e9 est Ishvara, \u00e9dit\u00e9 par wpkoithemes.<\/p>\n","protected":false},"excerpt":{"rendered":"<p>Ecrivez-nous \u00e0 info@kcl.fr Directeur de publication : St\u00e9phane TESOLARI RGPD : St\u00e9phane TESOLARI Editeur : Stensys SARL &#8211; 16 rue Mirabelle -25480 Miserey H\u00e9berg\u00e9 par Stensys SARL (France) L\u2019ensemble des images, illustrations et vid\u00e9os du site sont la propri\u00e9t\u00e9 de Stensys. Leur utilisation doit \u00eatre autoris\u00e9e et cr\u00e9dit\u00e9e. Le th\u00e8me utilis\u00e9 est Ishvara, \u00e9dit\u00e9 par &#8230; <a title=\"Contact\" class=\"read-more\" href=\"https:\/\/kcl.fr\/index.php\/contact\/\">Read more<span class=\"screen-reader-text\">Contact<\/span><\/a><\/p>\n","protected":false},"author":1,"featured_media":0,"parent":0,"menu_order":0,"comment_status":"closed","ping_status":"closed","template":"","meta":{"footnotes":""},"class_list":["post-7","page","type-page","status-publish"],"_links":{"self":[{"href":"https:\/\/kcl.fr\/index.php\/wp-json\/wp\/v2\/pages\/7","targetHints":{"allow":["GET"]}}],"collection":[{"href":"https:\/\/kcl.fr\/index.php\/wp-json\/wp\/v2\/pages"}],"about":[{"href":"https:\/\/kcl.fr\/index.php\/wp-json\/wp\/v2\/types\/page"}],"author":[{"embeddable":true,"href":"https:\/\/kcl.fr\/index.php\/wp-json\/wp\/v2\/users\/1"}],"replies":[{"embeddable":true,"href":"https:\/\/kcl.fr\/index.php\/wp-json\/wp\/v2\/comments?post=7"}],"version-history":[{"count":5,"href":"https:\/\/kcl.fr\/index.php\/wp-json\/wp\/v2\/pages\/7\/revisions"}],"predecessor-version":[{"id":39,"href":"https:\/\/kcl.fr\/index.php\/wp-json\/wp\/v2\/pages\/7\/revisions\/39"}],"wp:attachment":[{"href":"https:\/\/kcl.fr\/index.php\/wp-json\/wp\/v2\/media?parent=7"}],"curies":[{"name":"wp","href":"https:\/\/api.w.org\/{rel}","templated":true}]}}